t x be p(l). Calculate the highest common divisor of 180 and x.
20
Suppose 0 = -4*x + 100 + 152. Suppose -s + 1 = -1. Let u = s - -5. What is the highest common factor of u and x?
7
Let h = 166 - -34. What is the greatest common factor of 40 and h?
40
Let b be (-63)/(-15) - (-1)/(-5). Suppose 5 = -b*c - 3*t + 12, c - t = 7. Suppose -a - c*a = -15. What is the greatest common factor of 9 and a?
3
Suppose -4*w - 4*h - 34 = -5*w, 41 = 4*w + 3*h. Suppose -i = 2*m + 4, 0*i - i - w = 4*m. What is the highest common divisor of 15 and i?
3
Let k(d) = -28*d - 1. Let f be k(-2). Let u(i) = i**2 - 8*i + 5. Let t be (-1)/(4 - 132/32). Let n be u(t). What is the highest common divisor of n and f?
5
Let k be (-4)/(-6) - 590/(-6). Suppose -6*w + 3*w = -k. Let s be (-3 + -1)/4*-3. Calculate the highest common factor of s and w.
3
Suppose -3*u = 15, u + 2*u + 136 = o. Let x = 66 + o. Calculate the highest common factor of 17 and x.
17
Suppose 2*y + 25744 = 6*y. Suppose 4*c = 2*h + 3*h - y, 1 = c. Suppose 5*q = -243 + h. What is the greatest common divisor of q and 19?
19
Let j be (-32)/40 + 162/15. Calculate the highest common divisor of 4 and j.
2
Suppose 0 = 2*n + 3*n - 15. Suppose n*k - 4*k + 60 = 0. Let c = k + -5. What is the highest common factor of 22 and c?
11
Let f = 1 - -1. Suppose -3*q + 17 = f. Calculate the greatest common factor of 25 and q.
5
Let d(v) = v**3 + v**2 + 315. Let x be d(0). What is the highest common divisor of x and 35?
35
Suppose 5*w - 3*w = 32. Calculate the greatest common divisor of w and 128.
16
Let t be 330/27 - (-2)/(-9). Let p = 36 + -28. What is the greatest common divisor of t and p?
4
Suppose 2*q + 3*g = -2*g + 30, 0 = -2*q + 3*g + 30. What is the greatest common divisor of 165 and q?
15
Let t be (-10)/(-4)*16/10. Let a be 12 - (1 + (0 - -1)). Calculate the highest common factor of a and t.
2
Suppose 4*l = 3*o + 2355, -513 - 92 = -l + 4*o. Suppose 0 = 5*x - d - l, 2*x + 3*d = 98 + 136. Calculate the greatest common factor of x and 13.
13
Let k = -6 + 9. Let x(b) = -b**2 + 0 + 3*b + 6*b - k. Let y be x(4). What is the greatest common factor of 17 and y?
17
Let y be (-8)/(-24) - (-106)/(-3). Let r = -18 - y. Calculate the highest common factor of r and 17.
17
Let k(h) = 2*h + 5 - h - 3. Let r be k(0). Let y be 1*2 - 2/(-1). Calculate the greatest common factor of r and y.
2
Let v be (-10 - 3)/(-1) - -2. Let t = 29 + v. Calculate the greatest common divisor of 110 and t.
22
Let v(a) = a**2 + 7*a + 1. Suppose 2*o = -2*u - o - 11, -5*u + 2*o - 37 = 0. Let p be v(u). Calculate the greatest common divisor of p and 9.
1
Suppose 3*b - 157 = 74. What is the greatest common divisor of b and 11?
11
Let d(v) = v**3 - 2*v - 14. Let b be d(0). Let a be (28/b)/((-1)/13). Calculate the highest common divisor of 13 and a.
13
Let k be (1/2)/(-1)*4. Let p(s) be the third derivative of -25*s**4/24 - s**3/3 + s**2. Let g be p(k). What is the greatest common factor of 12 and g?
12
Let c(a) be the first derivative of -3*a**2/2 + 4*a + 2. Let x be c(-4). Calculate the highest common divisor of 8 and x.
8
Let q(j) = 11*j**2 - 3*j - 1. Let s be q(-2). What is the highest common factor of s and 14?
7
Let a(v) = -v**3 + v + 6. Let n be a(0). Suppose 7 - 5 = -2*s, -s = -5*u + 31. What is the greatest common divisor of n and u?
6
Let k be -1*(-4 + 3)*7. What is the highest common factor of k and 21?
7
Let t be (-20)/(-3)*(-36)/(-30). Suppose j + 2*f = -f - 8, -2*f = -2*j + t. Calculate the greatest common divisor of j and 7.
1
Let d(a) = 42*a**2 - 2. Let b be d(-1). What is the greatest common factor of b and 15?
5
Let v(g) = -2 + 3 - g**2 + 0*g**2 - 7*g + 0. Let a be v(-5). What is the highest common divisor of a and 33?
11
Let i(m) be the second derivative of 5*m**4/12 + 5*m**3/6 + 5*m**2/2 + 7*m. Let h be i(-2). What is the greatest common divisor of 75 and h?
15
Let b(y) = -y - 2. Let i be b(-6). Suppose -i = -s + 1. Let d = 2 - -3. Calculate the highest common divisor of s and d.
5
Let w(c) = -c**3 - 10*c**2 + c + 14. Let u be w(-10). Suppose -u*n + 23 = 7. Calculate the greatest common factor of n and 12.
4
Suppose 7 = 4*s - 9. Suppose 12 = -2*v + s*v. What is the highest common factor of v and 6?
6
Suppose -3*u + 36 = 3*v - 15, -2*v + 5*u = -20. Let p = 35 + -25. Let h be (12/p)/((-4)/(-10)). Calculate the highest common divisor of v and h.
3
Suppose 2*n + 6 = 2*o - 40, -n - 1 = 0. Calculate the greatest common factor of 55 and o.
11
Let h(s) = -s**3 + 12*s**2 - 5*s + 15. Let b be h(11). Calculate the greatest common divisor of b and 9.
9
Let h(x) = x. Suppose 0 = -3*g + 2 + 1. Let m be h(g). What is the greatest common divisor of m and 2?
1
Let j(r) = -r**2 + 12*r + 2. Let m be j(6). Let d(k) = 20*k + 2. Let h be d(-2). Let y be (3/(-2) + 1)*h. Calculate the greatest common divisor of y and m.
19
Let j(s) = -4*s**3 - 2*s**2 - 2. Let q be 6/(-9) + (-7)/3. Let l be j(q). What is the greatest common divisor of 11 and l?
11
Let q(c) = c + 4. Let z be q(5). Calculate the highest common divisor of 1 and z.
1
Let w = -1 - -7. Let a = -11 + 18. Let t(j) = -j**2 + 6*j + 10. Let g be t(a). Calculate the greatest common divisor of g and w.
3
Let x = 15 - -3. Let y be (-109)/(-3) + 4/(-12). Calculate the greatest common divisor of y and x.
18
Suppose 7*n = 4*n + 9. Suppose 0 = t + 3*t - 108. Calculate the highest common factor of n and t.
3
Let a(y) = -y**3 - 8*y**2 + 5*y - 19. Let i be a(-9). Calculate the greatest common factor of 51 and i.
17
Let v = -27 - -55. What is the greatest common divisor of v and 7?
7
Suppose -s = 3*d + 1 - 0, 5*s = -3*d + 7. Suppose 2 = 4*t - s. Calculate the highest common divisor of t and 3.
1
Suppose 2*q - 28 = 3*t + 4*q, t - 3*q = 9. Let w be ((-32)/t)/(6/90). Calculate the highest common factor of w and 16.
16
Let d(s) be the third derivative of -s**6/120 + s**4/24 + 143*s**3/6 - 2*s**2. Let a be d(0). What is the greatest common divisor of 13 and a?
13
Suppose -m + 15 - 4 = -r, -5 = -m - r. What is the greatest common divisor of m and 88?
8
Let c = -107 - -202. What is the highest common divisor of 19 and c?
19
Suppose 3 = -2*f + 131. Let r = f - 19. What is the greatest common factor of 30 and r?
15
Let b(m) = 3*m**2 + m + 1. Let c be b(-1). Suppose 5*k = t + 1 - 3, -18 = -2*t + c*k. Let h = 6 - 4. Calculate the highest common factor of t and h.
2
Let x(o) = o + 5. Let i be x(9). Let s be 7*(20/i - 0). What is the highest common factor of s and 5?
5
Let g be 2/4 - 43/(-2). Suppose 0*p + p = -k - 192, 0 = -2*k + 5*p - 384. Let m = k + 368. What is the greatest common divisor of m and g?
22
Suppose 89 = 5*v - 46. Suppose 3*n = -3*x + 39, -3*n + 2*x + 59 = -5. What is the greatest common factor of n and v?
9
Let r(s) = 5*s**2 + 3*s + 1. Let v be r(-2). Let u be 54/v - (-3)/(-5). Suppose 1 = 2*w - u. Calculate the highest common divisor of w and 6.
2
Let b be ((-12)/(-10))/((-15)/100). Let p = b + 16. What is the highest common divisor of 8 and p?
8
Let x be (-9)/(27/(-48)) - 5. Calculate the highest common divisor of 1 and x.
1
Let q be (44/(-10))/((-2)/5). Suppose v + q = 2*v. What is the highest common factor of 121 and v?
11
Let s(w) = -w**3 - 5*w**2 + 5*w - 4. Let g(v) = v - 3. Let j be g(-3). Let p be s(j). Suppose 5 = 2*y - 1. Calculate the highest common factor of y and p.
1
Suppose 8 = k + k. Let v(j) = 13*j - 4. Let t be v(k). Calculate the highest common divisor of t and 16.
16
Let s be 2/1*434/4. What is the greatest common factor of s and 31?
31
Suppose -42 + 6 = -4*w. Suppose -157*t - 99 = -158*t. Calculate the greatest common factor of w and t.
9
Let g(u) = u + 9. Let w be g(-6). Let y(o) = 5*o**2 - 2*o + 1. Let t be y(w). What is the greatest common factor of t and 8?
8
Let y(q) = -2*q + 3. Let j be y(2). Let x be (-4 - j)/3 - -67. What is the greatest common divisor of x and 6?
6
Suppose 6*v + 60 = 9*v. Calculate the greatest common divisor of 5 and v.
5
Suppose r + 1 - 2 = 0. Let z be 64/8 - 0/r. Suppose 266 + 54 = 5*u. What is the greatest common divisor of u and z?
8
Let y(b) = -b**3 - 8*b**2 - 2*b - 4. Let v be ((-2)/(-4))/(3/(-48)). Let m be y(v). What is the highest common factor of 6 and m?
6
Let y = 0 + 2. Suppose -y*c = -3 - 5. Calculate the highest common divisor of c and 12.
4
Let g be ((-6